actor of w and g.
24
Let y be (0 - -6) + -1 + 0. Let u be (-2)/(-11) + 1092/286. Suppose 5*s - 18 = -5*f - 28, -17 = -5*f + u*s. What is the highest common divisor of y and f?
1
Suppose 0 = 13*v - 5*j - 351228, 29*j = 28*j - 4. Calculate the highest common factor of 22 and v.
22
Let m(i) = 1253*i - 553. Let x be m(1). What is the greatest common divisor of 6500 and x?
100
Let z be (186/(-124))/((-1)/2). Let b be (-171)/95*(-40)/z. What is the highest common divisor of 60 and b?
12
Let r = -767 - -3464. Calculate the greatest common factor of r and 186.
93
Suppose -6 = -4*b + 3*t + 18, -5*t - 30 = -5*b. Let m be (-2 + 24/20)*-10. Suppose 3*a + m*a = 726. What is the highest common divisor of a and b?
6
Suppose -72 = -7*v + 285. Suppose -2*t + 19*t - v = 0. Let q = 16 + -4. What is the highest common divisor of q and t?
3
Suppose 0 = 5*k - 5*j - 3454 - 3566, 4*k + 2*j = 5640. What is the greatest common divisor of 896 and k?
128
Let a = 375 - 324. Suppose a = v - 33. What is the greatest common divisor of v and 42?
42
Let r = 17 - 4. Let w(g) = 5*g - 2*g - 7*g - 7*g + 10 - g**2 - 5*g. Let c be w(-11). What is the highest common divisor of c and r?
13
Let y = -7793 + 7997. Calculate the greatest common divisor of y and 5916.
204
Let i(r) = 3*r**3 + 18*r**2 + 3*r - 8. Let z be i(-7). Let f be (-16 + -1)*(-11)/(z/(-112)). What is the greatest common divisor of f and 7?
7
Suppose -2*r - 340 = 508. Let a = -63 - r. Let c = a - 251. What is the greatest common factor of c and 10?
10
Let u = 23 - 14. Suppose -6 = -2*y - 2*w, -3*y - w - 3*w + u = 0. Suppose -191 = -y*j + 289. What is the greatest common divisor of 10 and j?
10
Suppose 8*q = -2*q + 215940 + 7620. What is the highest common divisor of q and 36?
36
Let i(u) = -2*u**2 + 66*u - 268. Let z be i(26). What is the highest common factor of z and 8224?
32
Let z(o) = 8*o**3 + 6*o**2 + 72*o - 624. Let q be z(9). Calculate the highest common factor of 42 and q.
42
Let z(h) = h**3 + 2*h**2 - 4*h + 56. Suppose 0 = 5*q - 4*m, 0 = -34*q + 38*q - 2*m. Let c be z(q). Calculate the highest common divisor of 168 and c.
56
Suppose -7*j + 8*j - 3 = 0, 4*y + 2*j - 2054 = 0. Calculate the greatest common divisor of y and 8.
8
Let j = 27333 - 27065. Calculate the greatest common factor of 436 and j.
4
Suppose 0 = -572*l + 536*l + 7776. Suppose -28 = -m - 4*s, 0*m + 5*s = 2*m - 43. Calculate the highest common divisor of m and l.
24
Let i(a) = -a**3 + 5*a**2 + 7*a + 2. Let x be i(6). Let t be (-2 - 4)*3/(-18) + 87. Calculate the greatest common divisor of t and x.
8
Let d(p) = -4*p**3 - 19*p**2 + 21*p - 55. Let m be d(-9). Calculate the highest common factor of 33 and m.
11
Let o(b) = b**3 - 3*b**2 + 39*b + 192. Let v be o(0). Calculate the greatest common factor of 3792 and v.
48
Let q(v) = -3*v**2 + 325*v + 3. Let j be q(14). Calculate the highest common factor of j and 39.
13
Let h(b) = 5463*b**2 + 40*b + 40. Let z be h(-1). What is the greatest common factor of 36 and z?
9
Let s be 1 - -40 - (2 - (-15)/(-5)). Suppose 4*y - 12 = -3*x - x, 5*y - 9 = x. Let p be y*2/1 - -2. Calculate the greatest common divisor of p and s.
6
Suppose 82*c - 72*c = 350. Let x be (-58)/(-3) + 4/(-12). Let v = c - x. Calculate the highest common divisor of v and 176.
16
Let y be 2/(-23) + (-227024)/(-161). Calculate the highest common factor of y and 60.
30
Let w be (-2 - -17) + -7 + 44. Calculate the greatest common divisor of 2990 and w.
26
Suppose 0 = 3*r - 4*s - 9, s = 0. Suppose 0 = k - r*t - 8, -5*t = -20. Suppose -9*c + k = -7*c. What is the greatest common divisor of 110 and c?
10
Suppose 0 = 9*n + 10*n - 22325. What is the greatest common factor of 47 and n?
47
Let t = 98 + -90. Suppose 27*j - 455 = -t*j. What is the greatest common factor of j and 221?
13
Let f = -97 + 99. Suppose 0 = -f*u + 1 - 11. Let l be (-99 + -1)/u - -3. Calculate the greatest common factor of l and 115.
23
Let o be 2/9 - 10/45*1. Let r(z) = -z**3 - 2*z**2 + 4*z - 69. Let p be r(o). Let s = 154 + p. What is the greatest common divisor of s and 17?
17
Let m be 72/(-42)*63/(-18). What is the greatest common factor of 1509 and m?
3
Suppose -2*s + 42182 = -48*s. Let y = -797 - s. Calculate the greatest common factor of y and 160.
40
Suppose -3*o - 3*f = -16704, -10*f + 5*f = -8*o + 44492. Calculate the greatest common factor of 52 and o.
52
Let p(s) = s - 12 - 2*s + 5*s - 18*s**2 + s**3. Let i = 2090 - 2072. Let c be p(i). What is the greatest common divisor of c and 40?
20
Let t be ((-51)/(-153))/((-1)/(-771) - 0). Let u = t - 75. What is the greatest common divisor of 26 and u?
26
Suppose -24*o - 81*o = -5*o - 191500. What is the greatest common divisor of o and 5?
5
Let s = -115 + 109. Let r be s/36 - 10/12. Let g(q) = 86*q**2 + 3*q + 2. Let c be g(r). What is the highest common divisor of 34 and c?
17
Let r = 10160 + -8763. What is the highest common factor of 11 and r?
11
Suppose 0 = 5*u - u, 1012 = 4*l + 3*u. Suppose 0 = -5*c - 3*r + 10, 3*c + 2*r = -r. Suppose -c*k = -30 - 85. What is the highest common factor of k and l?
23
Let t(z) = z**2 + 34*z + 104. Let k be t(-36). Let m be 43 - -3*5/15. What is the highest common divisor of m and k?
44
Suppose 0*u = 2*u + 44. Suppose 0 = -5*g - l + 238, -93 = -3*g - 2*l + 47. Let y = g + u. Calculate the highest common divisor of 208 and y.
26
Suppose 4*o - 11 = -3*f, 3291*o - 3293*o - 4*f + 8 = 0. What is the greatest common factor of 1660 and o?
2
Let t = 41075 - 28601. What is the highest common divisor of 14 and t?
14
Let f = -1761 + 1842. Calculate the highest common factor of f and 243.
81
Let h be (17 + 1)*20/4. Calculate the greatest common factor of h and 1010.
10
Let h be 74 + -4*(-40)/(-32). Calculate the greatest common factor of h and 2875.
23
Let l(y) be the first derivative of -2*y**2 - 16*y - 19. Let j be l(-5). Let x be (36 - 4) + (-2)/j*4. What is the highest common divisor of x and 120?
30
Let t = 2021 + -1749. Suppose -o - 4*m + 30 = 0, 118 = 5*o - 3*m - 55. Calculate the highest common divisor of o and t.
34
Let p be (1496/10)/(17/1020*24). Calculate the highest common divisor of 22 and p.
22
Let w(y) = 4 - y**3 + 9*y**2 + 2 - 3*y**3 + 3*y**3 + 6*y. Let x be w(9). Let l be (396/(-77))/((-6)/28). What is the greatest common factor of x and l?
12
Suppose -11*b - 1208 = 123. Let n = b - -175. Let h be (-3 - -2)/((-1)/6). What is the greatest common factor of h and n?
6
Let n = -261 - -151. Let z = n + 106. Let b be (z + 5)/((-1)/(-59)). Calculate the highest common divisor of 531 and b.
59
Let d(g) be the first derivative of g**4/4 + 4*g**3/3 - 2*g**2 - 13*g + 41. Let h be d(-4). Calculate the highest common divisor of 16 and h.
1
Let p = 34468 + -20846. Calculate the highest common divisor of 98 and p.
98
Let p be 102/2 + 2 + 495/165. Suppose 4*a = c + 82, 4*a - 3*a + 3*c = 27. What is the highest common divisor of a and p?
7
Suppose 4*y + 45 = 5*v, 3*y + 3 = -v - 7. Let l be ((-1)/y)/((-4)/(-20))*35. Calculate the greatest common divisor of l and 35.
35
Suppose -8*r - 15 = 57. Let m be (r - -42)/((-1)/(-12)). What is the highest common factor of 44 and m?
44
Suppose -39566 = -3*f - 5*n + 52409, -f - 2*n = -30658. Calculate the highest common divisor of f and 28.
28
Let u be 83 - (17 - 47 - -8). What is the highest common divisor of u and 555?
15
Let j be (-1 - 11)*49755/(-310). What is the highest common divisor of 36 and j?
18
Suppose 11*p + 3*t = 16*p - 140, t = -p + 28. Calculate the greatest common factor of 12404 and p.
28
Suppose -5*m = -3*b + 40, -4*b - m - 56 = -7*b. Let h = b - 22. Let l be h/7 + 930/21. What is the greatest common factor of 11 and l?
11
Let q = 1545 - 1356. Suppose d = 4*d, -2*d + 126 = 2*z. Calculate the highest common divisor of z and q.
63
Let h be (-825)/55 - (-3 - 1). Let w be 2/5 - -53*h/(-55). Calculate the greatest common divisor of 1067 and w.
11
Let g(f) = -5*f + 12. Let y be g(2). Suppose -4*u - 160 = -y*p - 32, 0 = -2*p + 2*u + 126. What is the greatest common divisor of p and 155?
31
Let r be (-2325)/((-822)/(-36) - 23). What is the greatest common divisor of 31 and r?
31
Suppose -154*s - 19520 = -159*s. Calculate the highest common divisor of s and 128.
64
Let k(n) = -7*n + 176. Let j be k(11). Calculate the greatest common divisor of 441 and 